se 10, what is 3 + 68?
71
In base 12, what is -2 + -10?
-12
In base 15, what is -1c6 + -4?
-1ca
In base 11, what is -2 - -19?
17
In base 6, what is 1 + -35?
-34
In base 6, what is -5 - -2404?
2355
In base 14, what is -35 + -15?
-4a
In base 10, what is -44 - 15?
-59
In base 10, what is -123 - -7?
-116
In base 7, what is -3 - 1052?
-1055
In base 4, what is 2 - -12130?
12132
In base 13, what is -26 + 1a?
-9
In base 7, what is 1310 + -55?
1222
In base 11, what is -3 + 661?
659
In base 9, what is 68 - 3?
65
In base 12, what is 27b - -3?
282
In base 10, what is -16 - 118?
-134
In base 5, what is 10 + 24343?
24403
In base 3, what is 120201 - 1?
120200
In base 7, what is -552 + -2?
-554
In base 2, what is -11 - -10010111?
10010100
In base 3, what is 2220 + 2?
2222
In base 9, what is -5800 - -1?
-5788
In base 7, what is -10 - -10?
0
In base 12, what is -8 - -73?
67
In base 16, what is 3 - -2b?
2e
In base 10, what is 1 - -47?
48
In base 4, what is 12 - -30?
102
In base 4, what is 303210 - 10?
303200
In base 16, what is -130 - 3?
-133
In base 3, what is 10 + -10000221?
-10000211
In base 13, what is -4 + 60b?
607
In base 7, what is 162156 + 3?
162162
In base 7, what is -61 + -23?
-114
In base 12, what is -1 + 1b34?
1b33
In base 15, what is -d5 + -5?
-da
In base 10, what is -94 + 5?
-89
In base 3, what is -12012120 - -10?
-12012110
In base 8, what is -4 - 140?
-144
In base 2, what is -1101111 + 110111?
-111000
In base 9, what is -5 - 240?
-245
In base 7, what is -42 - -2?
-40
In base 11, what is -2 + -369?
-370
In base 4, what is -31121 - 0?
-31121
In base 4, what is 1003 - -1?
1010
In base 12, what is 2 + 40?
42
In base 6, what is -110203 - -4?
-110155
In base 4, what is -13212 - 0?
-13212
In base 7, what is -22 - 111?
-133
In base 10, what is -1 - -455?
454
In base 9, what is 158 - 0?
158
In base 14, what is 5 + 22a?
231
In base 10, what is -3 + -60?
-63
In base 6, what is 0 + -1444?
-1444
In base 9, what is 0 + -132?
-132
In base 14, what is 30d0 + -2?
30cc
In base 6, what is -22 + -55?
-121
In base 11, what is -58 + 13?
-45
In base 2, what is 10100011 - 101?
10011110
In base 11, what is -a - -1?
-9
In base 15, what is 8 - 8c?
-84
In base 7, what is -6464 - 4?
-6501
In base 3, what is -21 - 0?
-21
In base 5, what is -110 - 12?
-122
In base 3, what is 1121011 + 12?
1121100
In base 2, what is 0 + -100100001?
-100100001
In base 14, what is c14 + 3?
c17
In base 8, what is 256 - -5?
263
In base 3, what is 12 + -2221?
-2202
In base 6, what is 21241 - 5?
21232
In base 7, what is 4 - -41?
45
In base 2, what is 101 - 1011001?
-1010100
In base 14, what is -5d + -5?
-64
In base 8, what is -30 + 4?
-24
In base 13, what is -7 - 379?
-383
In base 13, what is 1 + 49c?
4a0
In base 8, what is -346 + -62?
-430
In base 5, what is 303 + 40?
343
In base 12, what is 9a + 5?
a3
In base 8, what is 16 + 4?
22
In base 15, what is -2 + -41?
-43
In base 7, what is -23535 - -2?
-23533
In base 10, what is 1479 + 4?
1483
In base 15, what is -2 - -30?
2d
In base 10, what is -3066 - -3?
-3063
In base 14, what is 302 - a?
2d6
In base 4, what is -11 + 11021?
11010
In base 4, what is 12000 - -21?
12021
In base 13, what is -11 - 10?
-21
In base 5, what is 1 + 1040?
1041
In base 7, what is -11 - -1315?
1304
In base 4, what is 11 + 1333?
2010
In base 6, what is 5 - 5544?
-5535
In base 16, what is 2d + 5?
32
In base 15, what is 93 + -1?
92
In base 16, what is -4 + -eb?
-ef
In base 4, what is -101 - -11?
-30
In base 2, what is -10111111 - -1011?
-10110100
In base 8, what is -4 - -17?
13
In base 3, what is -100101 - 20?
-100121
In base 10, what is -4 - -650?
646
In base 4, what is -21110 + 3?
-21101
In base 6, what is 44 - 12?
32
In base 12, what is -166 + 5?
-161
In base 15, what is 15d0 - 0?
15d0
In base 14, what is -34 - -4?
-30
In base 3, what is -2200 - -12?
-2111
In base 15, what is 1 + -26?
-25
In base 14, what is 3 - -11b5?
11b8
In base 5, what is 12443 - 3?
12440
In base 11, what is -5 + 95?
90
In base 2, what is -1 + -10101?
-10110
In base 5, what is -121 - -14?
-102
In base 10, what is 33253 - -4?
33257
In base 8, what is -1 - 710?
-711
In base 2, what is -11001 - -1010?
-1111
In base 3, what is -110 - -1212?
1102
In base 4, what is -21311221 + 10?
-21311211
In base 13, what is -386 - -1?
-385
In base 16, what is 16 - -8?
1e
In base 5, what is 422 + 40?
1012
In base 14, what is 78c - 1?
78b
In base 5, what is 1 - 304?
-303
In base 14, what is 4 + -c64?
-c60
In base 8, what is 7 - 7?
0
In base 7, what is -11 - -2?
-6
In base 13, what is -6 - -1b0?
1a7
In base 2, what is 11110 + 0?
11110
In base 3, what is -1100 - -112122?
111022
In base 8, what is 5 + 135?
142
In base 11, what is 35 - -6?
40
In base 10, what is 0 + -213?
-213
In base 6, what is -3 + -1513?
-1520
In base 5, what is 14 + -44?
-30
In base 2, what is -100 - -10?
-10
In base 3, what is 12 + 2202?
2221
In base 9, what is 752 + 3?
755
In base 11, what is -3 + 196?
193
In base 2, what is 11010 - -100?
11110
In base 7, what is -40 + 3?
-34
In base 10, what is 5 - -1752?
1757
In base 7, what is -1 + 54?
53
In base 14, what is da + 7?
103
In base 11, what is -2 + -13?
-15
In base 6, what is -330 - -5?
-321
In base 7, what is 116 + -4?
112
In base 2, what is 0 - -1000001?
1000001
In base 9, what is 70 - 142?
-62
In base 12, what is -268 + 0?
-268
In base 5, what is 12 - 13344?
-13332
In base 10, what is -3 + -42?
-45
In base 8, what is -2 - -203?
201
In base 8, what is 3624 + -5?
3617
In base 9, what is -17 + -46?
-64
In base 13, what is 1784 + 4?
1788
In base 2, what is 11 - 1010001?
-1001110
In base 12, what is 4 - 1842?
-183a
In base 14, what is 547a + 4?
5480
In base 12, what is 6 - 12?
-8
In base 12, what is 7269 + -1?
7268
In base 3, what is -2002 + 100?
-1202
In base 8, what is 4 - -100?
104
In base 15, what is 1 - -38a?
38b
In base 8, what is -1 - -1?
0
In base 11, what is 1a65 + -6?
1a5a
In base 12, what is 43 - 134?
-b1
In base 13, what is -2 - c2?
-c4
In base 8, what is 20 - -70?
110
In base 13, what is 2a6 + -2?
2a4
In base 16, what is 5 + 134?
139
In base 6, what is 23233 + -5?
23224
In base 10, what is -228 - 4?
-232
In base 15, what is -6 + 2e?
28
In base 16, what is 10 + 6f?
7f
In base 7, what is 13 - 3?
10
In base 8, what is -404 + 0?
-404
In base 2, what is -10 + 1101?
1011
In base 6, what is -40 + 50?
10
In base 2, what is -110 - -111011?
110101
In base 8, what is -66 - -104?
16
In base 7, what is 24 - 164?
-140
In base 4, what is 121 - 13?
102
In base 2, what is 10100 + -111011?
-100111
In base 12, what is 2 + 275?
277
In base 6, what is 2145 - 0?
2145
In base 16, what is -22 - b?
-2d
In base 6, what is 5 + -1334?
-1325
In base 8, what is -11052 - -5?
-11045
In base 14, what is 1 - -aa5?
aa6
In base 2, what is -100 - 110000?
-110100
In base 2, what is 101 + 111001010?
111001111
In base 4, what is -1 - -323?
322
In base 5, what is 122444 - -10?
123004
In base 4, what is 1000 - 11000?
-10000
In base 4, what is -100 + 11?
-23
In base 8, what is -715 + 22?
-673
In base 16, what is 2 - -52?
54
In base 13, what is 747 + -3?
744
In base 5, what is -2 + 2202?
2200
In base 3, what is -10 - 111?
-121
In base 14, what is -b - 18b?
-198
In base 5, what is -1444 - 1?
-2000
In base 13, what is 3 + 30?
33
In base 14, what is -4ac - -22?
-48a
In base 3, what is -1 - 111000?
-111001
In base 3, what is -12001 + 10?
-11221
In base 5, what is -220 + -2?
-222
In base 12, what is -3 - -76?
73
In base 10, what is 0 + 6658?
6658
In base 4, what is -1110322 + -3?
-1110331
In base 5, what is -4 - 213232?
-213241
In base 8, what is -6664 + 2?
-6662
In base 6, what is -5 + -31225?
-31234
In base 14, what is 24 + -ba?
-96
In base 8, what is -1 - 133?
-134
In base 3, what is 2101020 + -1?
2101012
In base 4, what is 11 + -1021331?
-1021320
In base 13, what is a3 - 2?
a1
In base 2, what is 10100 + 100?
11000
In base 4, what is 200310 + 11?
200321
In base 16, what is -4 - -79?
75
In base 15, what is -4 + 8b?
87
In base 8, what is -42 - 0?
-42
In base 6, what is 5114 + -4?
5110
In base 9, what is -16128 - 5?
-16134
In base 16, what is -22 - -f?
-13
In base 15, what is 5 + -655?
-650
In base 5, what is 101 + -131?
-30
In base 4, what is 10020 + 10?
10030
In base 14, what is 79 + -9?
70
In base 14, what is 4 + -41?
-3b
In base 4, what is -1